[INFO] cloning repository https://github.com/viperscape/rust-sexp
[INFO] running `Command { std: "git" "-c" "credential.helper=" "-c" "credential.helper=/workspace/cargo-home/bin/git-credential-null" "clone" "--bare" "https://github.com/viperscape/rust-sexp" "/workspace/cache/git-repos/https%3A%2F%2Fgithub.com%2Fviperscape%2Frust-sexp", kill_on_drop: false }`
[INFO] [stderr] Cloning into bare repository '/workspace/cache/git-repos/https%3A%2F%2Fgithub.com%2Fviperscape%2Frust-sexp'...
[INFO] running `Command { std: "git" "rev-parse" "HEAD", kill_on_drop: false }`
[INFO] [stdout] 317ef4ceea600d9abee966eee23ee0550cbee395
[INFO] checking viperscape/rust-sexp against master#cfbc6d4cf1acbac5c025acf8ed68929caa551df3 for pr-75494-beta
[INFO] running `Command { std: "git" "clone" "/workspace/cache/git-repos/https%3A%2F%2Fgithub.com%2Fviperscape%2Frust-sexp" "/workspace/builds/worker-6/source", kill_on_drop: false }`
[INFO] [stderr] Cloning into '/workspace/builds/worker-6/source'...
[INFO] [stderr] done.
[INFO] validating manifest of git repo https://github.com/viperscape/rust-sexp on toolchain cfbc6d4cf1acbac5c025acf8ed68929caa551df3
[INFO] running `Command { std: "/workspace/cargo-home/bin/cargo" "+cfbc6d4cf1acbac5c025acf8ed68929caa551df3" "read-manifest" "--manifest-path" "Cargo.toml", kill_on_drop: false }`
[INFO] started tweaking git repo https://github.com/viperscape/rust-sexp
[INFO] finished tweaking git repo https://github.com/viperscape/rust-sexp
[INFO] tweaked toml for git repo https://github.com/viperscape/rust-sexp written to /workspace/builds/worker-6/source/Cargo.toml
[INFO] crate git repo https://github.com/viperscape/rust-sexp already has a lockfile, it will not be regenerated
[INFO] running `Command { std: "/workspace/cargo-home/bin/cargo" "+cfbc6d4cf1acbac5c025acf8ed68929caa551df3" "fetch" "--locked" "--manifest-path" "Cargo.toml", kill_on_drop: false }`
[INFO] [stderr] warning: file found to be present in multiple build targets: /workspace/builds/worker-6/source/examples/main.rs
[INFO] [stderr] error: the lock file /workspace/builds/worker-6/source/Cargo.lock needs to be updated but --locked was passed to prevent this
[INFO] [stderr] If you want to try to generate the lock file without accessing the network, use the --offline flag.
[INFO] the lockfile is outdated, regenerating it
[INFO] running `Command { std: "/workspace/cargo-home/bin/cargo" "+cfbc6d4cf1acbac5c025acf8ed68929caa551df3" "generate-lockfile" "--manifest-path" "Cargo.toml" "-Zno-index-update", kill_on_drop: false }`
[INFO] running `Command { std: "/workspace/cargo-home/bin/cargo" "+cfbc6d4cf1acbac5c025acf8ed68929caa551df3" "fetch" "--locked" "--manifest-path" "Cargo.toml", kill_on_drop: false }`
[INFO] [stderr] warning: file found to be present in multiple build targets: /workspace/builds/worker-6/source/examples/main.rs
[INFO] running `Command { std: "docker" "create" "-v" "/var/lib/crater-agent-workspace/builds/worker-6/target:/opt/rustwide/target:rw,Z" "-v" "/var/lib/crater-agent-workspace/builds/worker-6/source:/opt/rustwide/workdir:ro,Z" "-v" "/var/lib/crater-agent-workspace/cargo-home:/opt/rustwide/cargo-home:ro,Z" "-v" "/var/lib/crater-agent-workspace/rustup-home:/opt/rustwide/rustup-home:ro,Z" "-e" "SOURCE_DIR=/opt/rustwide/workdir" "-e" "CARGO_TARGET_DIR=/opt/rustwide/target" "-e" "CARGO_HOME=/opt/rustwide/cargo-home" "-e" "RUSTUP_HOME=/opt/rustwide/rustup-home" "-w" "/opt/rustwide/workdir" "-m" "1610612736" "--user" "0:0" "--network" "none" "rustops/crates-build-env@sha256:a636fd89d022f18117e1dc8fb37a0a009933cdbbe082814857f0e2024962d47c" "/opt/rustwide/cargo-home/bin/cargo" "+cfbc6d4cf1acbac5c025acf8ed68929caa551df3" "metadata" "--no-deps" "--format-version=1", kill_on_drop: false }`
[INFO] [stdout] aa5aae87a5a7609512468851b677f78fec1b93bf10f1a7d02fe543bcff40c49e
[INFO] [stderr] WARNING: Your kernel does not support swap limit capabilities or the cgroup is not mounted. Memory limited without swap.
[INFO] running `Command { std: "docker" "start" "-a" "aa5aae87a5a7609512468851b677f78fec1b93bf10f1a7d02fe543bcff40c49e", kill_on_drop: false }`
[INFO] running `Command { std: "docker" "inspect" "aa5aae87a5a7609512468851b677f78fec1b93bf10f1a7d02fe543bcff40c49e", kill_on_drop: false }`
[INFO] running `Command { std: "docker" "rm" "-f" "aa5aae87a5a7609512468851b677f78fec1b93bf10f1a7d02fe543bcff40c49e", kill_on_drop: false }`
[INFO] [stdout] aa5aae87a5a7609512468851b677f78fec1b93bf10f1a7d02fe543bcff40c49e
[INFO] running `Command { std: "docker" "create" "-v" "/var/lib/crater-agent-workspace/builds/worker-6/target:/opt/rustwide/target:rw,Z" "-v" "/var/lib/crater-agent-workspace/builds/worker-6/source:/opt/rustwide/workdir:ro,Z" "-v" "/var/lib/crater-agent-workspace/cargo-home:/opt/rustwide/cargo-home:ro,Z" "-v" "/var/lib/crater-agent-workspace/rustup-home:/opt/rustwide/rustup-home:ro,Z" "-e" "SOURCE_DIR=/opt/rustwide/workdir" "-e" "CARGO_TARGET_DIR=/opt/rustwide/target" "-e" "CARGO_INCREMENTAL=0" "-e" "RUST_BACKTRACE=full" "-e" "RUSTFLAGS=--cap-lints=forbid" "-e" "CARGO_HOME=/opt/rustwide/cargo-home" "-e" "RUSTUP_HOME=/opt/rustwide/rustup-home" "-w" "/opt/rustwide/workdir" "-m" "1610612736" "--user" "0:0" "--network" "none" "rustops/crates-build-env@sha256:a636fd89d022f18117e1dc8fb37a0a009933cdbbe082814857f0e2024962d47c" "/opt/rustwide/cargo-home/bin/cargo" "+cfbc6d4cf1acbac5c025acf8ed68929caa551df3" "check" "--frozen" "--all" "--all-targets" "--message-format=json", kill_on_drop: false }`
[INFO] [stdout] c0059a86951dceac4485e978401edbfdf917019c4ffeb92945ba1d9f41715770
[INFO] [stderr] WARNING: Your kernel does not support swap limit capabilities or the cgroup is not mounted. Memory limited without swap.
[INFO] running `Command { std: "docker" "start" "-a" "c0059a86951dceac4485e978401edbfdf917019c4ffeb92945ba1d9f41715770", kill_on_drop: false }`
[INFO] [stderr] warning: file found to be present in multiple build targets: /opt/rustwide/workdir/examples/main.rs
[INFO] [stderr]     Checking memchr v0.1.11
[INFO] [stderr]     Checking thread-id v2.0.0
[INFO] [stderr]     Checking aho-corasick v0.5.3
[INFO] [stderr]     Checking thread_local v0.2.7
[INFO] [stderr]     Checking regex v0.1.80
[INFO] [stderr]     Checking sexp v0.0.1 (/opt/rustwide/workdir)
[INFO] [stdout] error[E0554]: `#![feature]` may not be used on the beta release channel
[INFO] [stdout]  --> src/lib.rs:1:1
[INFO] [stdout]   |
[INFO] [stdout] 1 | #![feature(collections)]
[INFO] [stdout]   | ^^^^^^^^^^^^^^^^^^^^^^^^
[INFO] [stdout] 
[INFO] [stdout] 
[INFO] [stdout] error[E0554]: `#![feature]` may not be used on the beta release channel
[INFO] [stdout]  --> src/lib.rs:2:1
[INFO] [stdout]   |
[INFO] [stdout] 2 | #![feature(convert)]
[INFO] [stdout]   | ^^^^^^^^^^^^^^^^^^^^
[INFO] [stdout] 
[INFO] [stdout] 
[INFO] [stdout] error[E0554]: `#![feature]` may not be used on the beta release channel
[INFO] [stdout]  --> src/lib.rs:3:1
[INFO] [stdout]   |
[INFO] [stdout] 3 | #![feature(test)]
[INFO] [stdout]   | ^^^^^^^^^^^^^^^^^
[INFO] [stdout] 
[INFO] [stdout] 
[INFO] [stdout] error[E0554]: `#![feature]` may not be used on the beta release channel
[INFO] [stdout]  --> src/lib.rs:1:1
[INFO] [stdout]   |
[INFO] [stdout] 1 | #![feature(collections)]
[INFO] [stdout]   | ^^^^^^^^^^^^^^^^^^^^^^^^
[INFO] [stdout] 
[INFO] [stdout] 
[INFO] [stdout] error[E0554]: `#![feature]` may not be used on the beta release channel
[INFO] [stdout]  --> src/lib.rs:2:1
[INFO] [stdout]   |
[INFO] [stdout] 2 | #![feature(convert)]
[INFO] [stdout]   | ^^^^^^^^^^^^^^^^^^^^
[INFO] [stdout] 
[INFO] [stdout] 
[INFO] [stdout] error[E0554]: `#![feature]` may not be used on the beta release channel
[INFO] [stdout]  --> src/lib.rs:3:1
[INFO] [stdout]   |
[INFO] [stdout] 3 | #![feature(test)]
[INFO] [stdout]   | ^^^^^^^^^^^^^^^^^
[INFO] [stdout] 
[INFO] [stdout] 
[INFO] [stdout] error[E0599]: no function or associated item named `from_str` found for struct `std::string::String` in the current scope
[INFO] [stdout]   --> src/lib.rs:41:57
[INFO] [stdout]    |
[INFO] [stdout] 41 |             if s.is_some() {scope.push(Exp::Sym(String::from_str(s.unwrap())));}
[INFO] [stdout]    |                                                         ^^^^^^^^ function or associated item not found in `std::string::String`
[INFO] [stdout]    |
[INFO] [stdout]    = help: items from traits can only be used if the trait is in scope
[INFO] [stdout] help: the following trait is implemented but not in scope; perhaps add a `use` for it:
[INFO] [stdout]    |
[INFO] [stdout] 9  | use std::str::FromStr;
[INFO] [stdout]    |
[INFO] [stdout] 
[INFO] [stdout] 
[INFO] [stdout] error[E0599]: no function or associated item named `from_str` found for struct `std::string::String` in the current scope
[INFO] [stdout]   --> src/lib.rs:42:64
[INFO] [stdout]    |
[INFO] [stdout] 42 |             else if qs.is_some() {scope.push(Exp::QSym(String::from_str(qs.unwrap())));}
[INFO] [stdout]    |                                                                ^^^^^^^^ function or associated item not found in `std::string::String`
[INFO] [stdout]    |
[INFO] [stdout]    = help: items from traits can only be used if the trait is in scope
[INFO] [stdout] help: the following trait is implemented but not in scope; perhaps add a `use` for it:
[INFO] [stdout]    |
[INFO] [stdout] 9  | use std::str::FromStr;
[INFO] [stdout]    |
[INFO] [stdout] 
[INFO] [stdout] 
[INFO] [stdout] error: aborting due to 5 previous errors
[INFO] [stdout] 
[INFO] [stdout] 
[INFO] [stdout] Some errors have detailed explanations: E0554, E0599.
[INFO] [stdout] 
[INFO] [stdout] For more information about an error, try `rustc --explain E0554`.
[INFO] [stdout] 
[INFO] [stdout] error[E0599]: no function or associated item named `from_str` found for struct `std::string::String` in the current scope
[INFO] [stdout]   --> src/lib.rs:41:57
[INFO] [stdout]    |
[INFO] [stdout] 41 |             if s.is_some() {scope.push(Exp::Sym(String::from_str(s.unwrap())));}
[INFO] [stdout]    |                                                         ^^^^^^^^ function or associated item not found in `std::string::String`
[INFO] [stdout]    |
[INFO] [stdout]    = help: items from traits can only be used if the trait is in scope
[INFO] [stdout] help: the following trait is implemented but not in scope; perhaps add a `use` for it:
[INFO] [stdout]    |
[INFO] [stdout] 9  | use std::str::FromStr;
[INFO] [stdout]    |
[INFO] [stdout] 
[INFO] [stdout] 
[INFO] [stdout] error[E0599]: no function or associated item named `from_str` found for struct `std::string::String` in the current scope
[INFO] [stdout]   --> src/lib.rs:42:64
[INFO] [stdout]    |
[INFO] [stdout] 42 |             else if qs.is_some() {scope.push(Exp::QSym(String::from_str(qs.unwrap())));}
[INFO] [stdout]    |                                                                ^^^^^^^^ function or associated item not found in `std::string::String`
[INFO] [stdout]    |
[INFO] [stdout]    = help: items from traits can only be used if the trait is in scope
[INFO] [stdout] help: the following trait is implemented but not in scope; perhaps add a `use` for it:
[INFO] [stdout]    |
[INFO] [stdout] 9  | use std::str::FromStr;
[INFO] [stdout]    |
[INFO] [stdout] 
[INFO] [stdout] 
[INFO] [stdout] error: aborting due to 5 previous errors
[INFO] [stdout] 
[INFO] [stdout] 
[INFO] [stdout] Some errors have detailed explanations: E0554, E0599.
[INFO] [stdout] 
[INFO] [stdout] For more information about an error, try `rustc --explain E0554`.
[INFO] [stdout] 
[INFO] [stderr] error: could not compile `sexp`.
[INFO] [stderr] 
[INFO] [stderr] To learn more, run the command again with --verbose.
[INFO] [stderr] warning: build failed, waiting for other jobs to finish...
[INFO] [stderr] error: build failed
[INFO] running `Command { std: "docker" "inspect" "c0059a86951dceac4485e978401edbfdf917019c4ffeb92945ba1d9f41715770", kill_on_drop: false }`
[INFO] running `Command { std: "docker" "rm" "-f" "c0059a86951dceac4485e978401edbfdf917019c4ffeb92945ba1d9f41715770", kill_on_drop: false }`
[INFO] [stdout] c0059a86951dceac4485e978401edbfdf917019c4ffeb92945ba1d9f41715770
